{"id":3884,"date":"2025-02-14T18:49:54","date_gmt":"2025-02-14T23:49:54","guid":{"rendered":"https:\/\/fyarepsac.com\/web\/?page_id=3884"},"modified":"2025-02-14T19:12:53","modified_gmt":"2025-02-15T00:12:53","slug":"calidad-2","status":"publish","type":"page","link":"https:\/\/fyarepsac.com\/web\/calidad-2\/","title":{"rendered":"Calidad"},"content":{"rendered":"\t\t<div data-elementor-type=\"wp-page\" data-elementor-id=\"3884\" class=\"elementor elementor-3884\" data-elementor-settings=\"{&quot;ha_cmc_init_switcher&quot;:&quot;no&quot;}\" data-elementor-post-type=\"page\">\n\t\t\t\t<div class=\"elementor-element elementor-element-520c79f e-con-full e-flex e-con e-parent\" data-id=\"520c79f\" data-element_type=\"container\" data-settings=\"{&quot;background_background&quot;:&quot;classic&quot;,&quot;_ha_eqh_enable&quot;:false}\">\n\t\t<div class=\"elementor-element elementor-element-c33fefc e-flex e-con-boxed e-con e-child\" data-id=\"c33fefc\" data-element_type=\"container\" data-settings=\"{&quot;_ha_eqh_enable&quot;:false}\">\n\t\t\t\t\t<div class=\"e-con-inner\">\n\t\t\t\t<div class=\"elementor-element elementor-element-6fc8697 elementor-widget__width-initial elementor-widget elementor-widget-heading\" data-id=\"6fc8697\" data-element_type=\"widget\" data-widget_type=\"heading.default\">\n\t\t\t\t<div class=\"elementor-widget-container\">\n\t\t\t\t\t<h1 class=\"elementor-heading-title elementor-size-default\">Compromiso por la Calidad y la Inocuidad del producto<\/h1>\t\t\t\t<\/div>\n\t\t\t\t<\/div>\n\t\t\t\t\t<\/div>\n\t\t\t\t<\/div>\n\t\t\t\t<\/div>\n\t\t<div class=\"elementor-element elementor-element-da452e5 e-con-full e-flex e-con e-parent\" data-id=\"da452e5\" data-element_type=\"container\" data-settings=\"{&quot;_ha_eqh_enable&quot;:false}\">\n\t\t<div class=\"elementor-element elementor-element-406e6f0 e-flex e-con-boxed e-con e-child\" data-id=\"406e6f0\" data-element_type=\"container\" data-settings=\"{&quot;_ha_eqh_enable&quot;:false}\">\n\t\t\t\t\t<div class=\"e-con-inner\">\n\t\t<div class=\"elementor-element elementor-element-b7cb2f7 e-con-full e-flex e-con e-child\" data-id=\"b7cb2f7\" data-element_type=\"container\" data-settings=\"{&quot;background_background&quot;:&quot;classic&quot;,&quot;_ha_eqh_enable&quot;:false}\">\n\t\t\t\t<\/div>\n\t\t<div class=\"elementor-element elementor-element-0723e72 e-con-full elementor-hidden-mobile e-flex e-con e-child\" data-id=\"0723e72\" data-element_type=\"container\" data-settings=\"{&quot;background_background&quot;:&quot;classic&quot;,&quot;_ha_eqh_enable&quot;:false}\">\n\t\t<div class=\"elementor-element elementor-element-750129e e-con-full e-flex e-con e-child\" data-id=\"750129e\" data-element_type=\"container\" data-settings=\"{&quot;background_background&quot;:&quot;classic&quot;,&quot;_ha_eqh_enable&quot;:false}\">\n\t\t\t\t<div class=\"elementor-element elementor-element-015cffd elementor-blockquote--skin-quotation elementor-blockquote--button-color-official elementor-widget elementor-widget-blockquote\" data-id=\"015cffd\" data-element_type=\"widget\" data-widget_type=\"blockquote.default\">\n\t\t\t\t<div class=\"elementor-widget-container\">\n\t\t\t\t\t\t\t<blockquote class=\"elementor-blockquote\">\n\t\t\t<p class=\"elementor-blockquote__content\">\n\t\t\t\tFYA REPRESENTACIONES S.A.C.,  a trav\u00e9s de su Sistema de Calidad quiere demostrar a sus clientes, su preocupaci\u00f3n y compromiso por la Calidad y la Inocuidad de su producto y lograr una garant\u00eda de futuro que s\u00f3lo las organizaciones competitivas y a la vanguardia en el mercado pueden ofrecer, pero sin olvidar en ning\u00fan momento la visi\u00f3n y valores de la empresa.\t\t\t<\/p>\n\t\t\t\t\t<\/blockquote>\n\t\t\t\t\t\t<\/div>\n\t\t\t\t<\/div>\n\t\t\t\t<\/div>\n\t\t\t\t<\/div>\n\t\t\t\t\t<\/div>\n\t\t\t\t<\/div>\n\t\t\t\t<\/div>\n\t\t<div class=\"elementor-element elementor-element-2e5dc35 e-flex e-con-boxed e-con e-parent\" data-id=\"2e5dc35\" data-element_type=\"container\" data-settings=\"{&quot;_ha_eqh_enable&quot;:false}\">\n\t\t\t\t\t<div class=\"e-con-inner\">\n\t\t<div class=\"elementor-element elementor-element-6e2641f e-con-full e-flex e-con e-child\" data-id=\"6e2641f\" data-element_type=\"container\" data-settings=\"{&quot;_ha_eqh_enable&quot;:false}\">\n\t\t<div class=\"elementor-element elementor-element-1efa9b6 e-con-full e-flex e-con e-child\" data-id=\"1efa9b6\" data-element_type=\"container\" data-settings=\"{&quot;_ha_eqh_enable&quot;:false}\">\n\t\t<div class=\"elementor-element elementor-element-d7c279c e-con-full e-flex e-con e-child\" data-id=\"d7c279c\" data-element_type=\"container\" data-settings=\"{&quot;_ha_eqh_enable&quot;:false}\">\n\t\t\t\t<div class=\"elementor-element elementor-element-7b50ebb elementor-widget elementor-widget-heading\" data-id=\"7b50ebb\" data-element_type=\"widget\" data-widget_type=\"heading.default\">\n\t\t\t\t<div class=\"elementor-widget-container\">\n\t\t\t\t\t<h2 class=\"elementor-heading-title elementor-size-default\">Calidad<\/h2>\t\t\t\t<\/div>\n\t\t\t\t<\/div>\n\t\t\t\t<\/div>\n\t\t<div class=\"elementor-element elementor-element-ed755d3 e-con-full e-flex e-con e-child\" data-id=\"ed755d3\" data-element_type=\"container\" data-settings=\"{&quot;_ha_eqh_enable&quot;:false}\">\n\t\t\t\t<div class=\"elementor-element elementor-element-b01f707 elementor-widget elementor-widget-text-editor\" data-id=\"b01f707\" data-element_type=\"widget\" data-widget_type=\"text-editor.default\">\n\t\t\t\t<div class=\"elementor-widget-container\">\n\t\t\t\t\t\t\t\t\t<p>FYA REPRESENTACIONES S.A.C. en su af\u00e1n por ofrecer productos de calidad cuenta con una gran experiencia en la comercializaci\u00f3n de productos qu\u00edmicos desde su fundaci\u00f3n en el a\u00f1o 1989.<br \/><br \/>El Sistema de la Calidad e Inocuidad tiene como finalidad la satisfacci\u00f3n de los clientes de FYA REPRESENTACIONES S.A.C. gracias al cumplimiento de los requisitos establecidos, y en los plazos y precios fijados con estos, asimismo uno de nuestros principales objetivos es garantizar productos seguros e inocuos y cumplan con todos los requisitos legales que les aplican.<br \/><br \/>FYA REPRESENTACIONES S.A.C. es consciente que para conseguir la satisfacci\u00f3n del cliente es necesaria una buena coordinaci\u00f3n y gesti\u00f3n interna de la empresa con la colaboraci\u00f3n y benepl\u00e1cito de todos sus empleados. <br \/><br \/>Para ello, el Sistema de la Calidad tiene como objetivos:<\/p><ul><li>Asegurar a nuestros clientes la Calidad de los Productos Qu\u00edmicos.<\/li><li>Garantizar una total inocuidad de los Productos Qu\u00edmicos.<\/li><li>Cumplimiento de los requisitos ofertados a los clientes, consolidando la confianza en nuestra organizaci\u00f3n.<\/li><li>Gesti\u00f3n y control eficaz de todo el proceso de almacenamiento, para garantizar la calidad desde que el producto entra en nuestra empresa hasta que es enviado a los clientes.<\/li><li>Mejora continua de los procesos, procedimientos y productos para mantener una producci\u00f3n flexible y capaz de adecuarse a los requerimientos de nuestros clientes.<\/li><li>Concienciaci\u00f3n y motivaci\u00f3n del personal de la Compa\u00f1\u00eda, sobre la importancia de la implantaci\u00f3n y desarrollo de un Sistema de la Calidad.<\/li><li>Tratamiento de No Conformidades e Incidencias para conseguir la mayor satisfacci\u00f3n posible de nuestros clientes.<\/li><li>Garantizar el cumplimiento de los requisitos legales que afectan a nuestras actividades, especialmente los dirigidos a asegurar la trazabilidad y las condiciones higi\u00e9nicosanitarias de nuestros productos.<\/li><li>Asegurar la retirada inmediata de los productos que puedan suponer un riesgo para nuestros clientes.<\/li><li>Formaci\u00f3n necesaria de todo el personal de FYA REPRESENTACIONES S.A.C., para el correcto desarrollo de todas las actividades, especialmente en la manipulaci\u00f3n del producto.<\/li><li>Compromiso con el Medio Ambiente y la sostenibilidad, adecuada gesti\u00f3n de los residuos peligrosos, concienciaci\u00f3n del personal hacia el manual de buenas pr\u00e1cticas en oficinas, almacenamiento y mantenimiento.<\/li><li>En las actividades desarrolladas por FYA REPRESENTACIONES S.A.C. se tienen en cuentala satisfacci\u00f3n, bienestar y sugerencias de los empleados, as\u00ed como la claridad y confidencialidad de nuestros clientes.<\/li><li>Garantizar la autenticidad e integridad de nuestros productos, estableciendo un plan de mitigaci\u00f3n contra el fraude alimentario.<\/li><li>Combatir el fraude alimentario garantizando que nuestros productos son \u00edntegros y aut\u00e9nticos.<\/li><li>Compromiso con la pol\u00edtica de cultura de seguridad alimentaria.<\/li><\/ul>\t\t\t\t\t\t\t\t<\/div>\n\t\t\t\t<\/div>\n\t\t\t\t<\/div>\n\t\t\t\t<\/div>\n\t\t\t\t<\/div>\n\t\t\t\t\t<\/div>\n\t\t\t\t<\/div>\n\t\t\t\t<\/div>\n\t\t","protected":false},"excerpt":{"rendered":"<p>Compromiso por la Calidad y la Inocuidad del producto FYA REPRESENTACIONES S.A.C., a trav\u00e9s de su Sistema de Calidad quiere demostrar a sus clientes, su preocupaci\u00f3n y compromiso por la Calidad y la Inocuidad de su producto y lograr una garant\u00eda de futuro que s\u00f3lo las organizaciones competitivas y a la vanguardia en el mercado&hellip;&nbsp;<a href=\"https:\/\/fyarepsac.com\/web\/calidad-2\/\" rel=\"bookmark\">Leer m\u00e1s &raquo;<span class=\"screen-reader-text\">Calidad<\/span><\/a><\/p>\n","protected":false},"author":1,"featured_media":0,"parent":0,"menu_order":0,"comment_status":"closed","ping_status":"closed","template":"page-templates\/template-pagebuilder-full-width.php","meta":{"neve_meta_sidebar":"","neve_meta_container":"","neve_meta_enable_content_width":"","neve_meta_content_width":0,"neve_meta_title_alignment":"","neve_meta_author_avatar":"","neve_post_elements_order":"","neve_meta_disable_header":"","neve_meta_disable_footer":"","neve_meta_disable_title":"","footnotes":""},"class_list":["post-3884","page","type-page","status-publish","hentry"],"_links":{"self":[{"href":"https:\/\/fyarepsac.com\/web\/wp-json\/wp\/v2\/pages\/3884","targetHints":{"allow":["GET"]}}],"collection":[{"href":"https:\/\/fyarepsac.com\/web\/wp-json\/wp\/v2\/pages"}],"about":[{"href":"https:\/\/fyarepsac.com\/web\/wp-json\/wp\/v2\/types\/page"}],"author":[{"embeddable":true,"href":"https:\/\/fyarepsac.com\/web\/wp-json\/wp\/v2\/users\/1"}],"replies":[{"embeddable":true,"href":"https:\/\/fyarepsac.com\/web\/wp-json\/wp\/v2\/comments?post=3884"}],"version-history":[{"count":16,"href":"https:\/\/fyarepsac.com\/web\/wp-json\/wp\/v2\/pages\/3884\/revisions"}],"predecessor-version":[{"id":3906,"href":"https:\/\/fyarepsac.com\/web\/wp-json\/wp\/v2\/pages\/3884\/revisions\/3906"}],"wp:attachment":[{"href":"https:\/\/fyarepsac.com\/web\/wp-json\/wp\/v2\/media?parent=3884"}],"curies":[{"name":"wp","href":"https:\/\/api.w.org\/{rel}","templated":true}]}}